factors of 4649?
4649
What are the prime factors of 142335?
3, 5, 3163
List the prime factors of 151.
151
List the prime factors of 39790.
2, 5, 23, 173
List the prime factors of 3107.
13, 239
What are the prime factors of 38618?
2, 19309
List the prime factors of 643.
643
List the prime factors of 20213.
17, 29, 41
List the prime factors of 1124.
2, 281
List the prime factors of 83870.
2, 5, 8387
List the prime factors of 674.
2, 337
What are the prime factors of 1598?
2, 17, 47
List the prime factors of 33.
3, 11
What are the prime factors of 3574?
2, 1787
What are the prime factors of 3489?
3, 1163
What are the prime factors of 55954?
2, 101, 277
What are the prime factors of 1714?
2, 857
List the prime factors of 31641.
3, 53, 199
What are the prime factors of 11976?
2, 3, 499
List the prime factors of 37739.
13, 2903
List the prime factors of 26058.
2, 3, 43, 101
List the prime factors of 52.
2, 13
List the prime factors of 2378.
2, 29, 41
List the prime factors of 5636.
2, 1409
What are the prime factors of 19522?
2, 43, 227
What are the prime factors of 387?
3, 43
List the prime factors of 30526.
2, 15263
What are the prime factors of 18889?
13, 1453
What are the prime factors of 14439?
3, 4813
What are the prime factors of 2357?
2357
List the prime factors of 561.
3, 11, 17
What are the prime factors of 84004?
2, 21001
What are the prime factors of 16317?
3, 7, 37
What are the prime factors of 19922?
2, 7, 1423
List the prime factors of 20039.
29, 691
List the prime factors of 3217.
3217
What are the prime factors of 477?
3, 53
List the prime factors of 180.
2, 3, 5
What are the prime factors of 73496?
2, 9187
What are the prime factors of 13499?
13499
What are the prime factors of 499?
499
What are the prime factors of 2191?
7, 313
List the prime factors of 75309.
3, 13, 1931
List the prime factors of 5860.
2, 5, 293
List the prime factors of 578.
2, 17
What are the prime factors of 6223?
7, 127
What are the prime factors of 64?
2
What are the prime factors of 64523?
113, 571
List the prime factors of 5576.
2, 17, 41
What are the prime factors of 7748?
2, 13, 149
What are the prime factors of 1727?
11, 157
What are the prime factors of 50488?
2, 6311
What are the prime factors of 556?
2, 139
List the prime factors of 1002.
2, 3, 167
List the prime factors of 14474.
2, 7237
List the prime factors of 5039.
5039
List the prime factors of 786.
2, 3, 131
List the prime factors of 2145.
3, 5, 11, 13
List the prime factors of 178.
2, 89
List the prime factors of 11175.
3, 5, 149
What are the prime factors of 6247?
6247
What are the prime factors of 9359?
7, 191
What are the prime factors of 3834?
2, 3, 71
List the prime factors of 33328.
2, 2083
What are the prime factors of 6518?
2, 3259
List the prime factors of 183.
3, 61
What are the prime factors of 4849?
13, 373
List the prime factors of 29100.
2, 3, 5, 97
What are the prime factors of 4472?
2, 13, 43
List the prime factors of 23416.
2, 2927
What are the prime factors of 1877?
1877
What are the prime factors of 1607?
1607
What are the prime factors of 1355?
5, 271
What are the prime factors of 23363?
61, 383
List the prime factors of 1249.
1249
List the prime factors of 3099.
3, 1033
What are the prime factors of 4085?
5, 19, 43
What are the prime factors of 220?
2, 5, 11
List the prime factors of 1426.
2, 23, 31
What are the prime factors of 601?
601
What are the prime factors of 288?
2, 3
List the prime factors of 13719.
3, 17, 269
What are the prime factors of 4883?
19, 257
List the prime factors of 7596.
2, 3, 211
List the prime factors of 37820.
2, 5, 31, 61
List the prime factors of 5723.
59, 97
List the prime factors of 3974.
2, 1987
List the prime factors of 720.
2, 3, 5
What are the prime factors of 35210?
2, 5, 7, 503
What are the prime factors of 23362?
2, 11681
List the prime factors of 1886.
2, 23, 41
List the prime factors of 14062.
2, 79, 89
List the prime factors of 7960.
2, 5, 199
List the prime factors of 1717.
17, 101
List the prime factors of 1263.
3, 421
What are the prime factors of 24612?
2, 3, 7, 293
List the prime factors of 84655.
5, 16931
List the prime factors of 1800.
2, 3, 5
List the prime factors of 10530.
2, 3, 5, 13
List the prime factors of 33390.
2, 3, 5, 7, 53
What are the prime factors of 9671?
19, 509
List the prime factors of 11569.
23, 503
What are the prime factors of 600?
2, 3, 5
List the prime factors of 421.
421
List the prime factors of 1793.
11, 163
List the prime factors of 39745.
5, 7949
What are the prime factors of 22168?
2, 17, 163
What are the prime factors of 39820?
2, 5, 11, 181
List the prime factors of 30562.
2, 7, 37, 59
What are the prime factors of 16949?
17, 997
What are the prime factors of 46075?
5, 19, 97
List the prime factors of 141.
3, 47
What are the prime factors of 168723?
3, 2083
List the prime factors of 41284.
2, 10321
List the prime factors of 28254.
2, 3, 17, 277
List the prime factors of 14873.
107, 139
List the prime factors of 6816.
2, 3, 71
What are the prime factors of 74181?
3, 79, 313
List the prime factors of 43882.
2, 37, 593
List the prime factors of 2310.
2, 3, 5, 7, 11
List the prime factors of 329.
7, 47
What are the prime factors of 8933?
8933
What are the prime factors of 970?
2, 5, 97
List the prime factors of 884.
2, 13, 17
List the prime factors of 1427.
1427
What are the prime factors of 346?
2, 173
List the prime factors of 374.
2, 11, 17
What are the prime factors of 10347?
3, 3449
What are the prime factors of 29161?
11, 241
List the prime factors of 1198.
2, 599
List the prime factors of 45654.
2, 3, 7, 1087
List the prime factors of 5683.
5683
What are the prime factors of 65756?
2, 17, 967
What are the prime factors of 88969?
88969
List the prime factors of 82689.
3, 43, 641
List the prime factors of 5400.
2, 3, 5
List the prime factors of 12354.
2, 3, 29, 71
What are the prime factors of 19775?
5, 7, 113
What are the prime factors of 6724?
2, 41
What are the prime factors of 4783?
4783
What are the prime factors of 1050?
2, 3, 5, 7
List the prime factors of 5360.
2, 5, 67
List the prime factors of 2755.
5, 19, 29
List the prime factors of 3725.
5, 149
List the prime factors of 27522.
2, 3, 11, 139
What are the prime factors of 86561?
86561
List the prime factors of 79069.
37, 2137
What are the prime factors of 101590?
2, 5, 10159
List the prime factors of 2240.
2, 5, 7
What are the prime factors of 31051?
31051
List the prime factors of 19219.
19219
List the prime factors of 6696.
2, 3, 31
What are the prime factors of 6075?
3, 5
List the prime factors of 480.
2, 3, 5
List the prime factors of 46236.
2, 3, 3853
What are the prime factors of 26649?
3, 7, 47
List the prime factors of 183453.
3, 61151
List the prime factors of 2371.
2371
List the prime factors of 80623.
37, 2179
What are the prime factors of 9590?
2, 5, 7, 137
List the prime factors of 8297.
8297
What are the prime factors of 1652?
2, 7, 59
What are the prime factors of 132505?
5, 26501
What are the prime factors of 69921?
3, 17, 457
List the prime factors of 512.
2
What are the prime factors of 29300?
2, 5, 293
What are the prime factors of 960?
2, 3, 5
List the prime factors of 77818.
2, 13, 41, 73
What are the prime factors of 988?
2, 13, 19
What are the prime factors of 21095?
5, 4219
What are the prime factors of 1719?
3, 191
What are the prime factors of 639?
3, 71
List the prime factors of 63629.
63629
List the prime factors of 322.
2, 7, 23
List the prime factors of 3808.
2, 7, 17
What are the prime factors of 57?
3, 19
List the prime factors of 4316.
2, 13, 83
List the prime factors of 3331.
3331
List the prime factors of 1508.
2, 13, 29
List the prime factors of 325.
5, 13
What are the prime factors of 1400?
2, 5, 7
What are the prime factors of 1087?
1087
List the prime factors of 6833.
6833
What are the prime factors of 1242?
2, 3, 23
What are the prime factors of 5247?
3, 11, 53
What are the prime factors of 4340?
2, 5, 7, 31
List the prime factors of 473.
11, 43
What are the prime factors of 439?
439
What are the prime factors of 2084?
2, 521
List the prime factors of 1596.
2, 3, 7, 19
List the prime factors of 801.
3, 89
What are the prime factors of 35604?
2, 3, 23, 43
What are the prime factors of 8875